 d = 12. Suppose -d*u = y - 38. Does 9 divide u?
True
Let b(z) = -z + z + 9 - 5*z**2 + z**3 - 6*z. Suppose 0*y = n - y - 8, -4*n - y = -22. Does 4 divide b(n)?
False
Suppose 0 = -0*x - 2*x + 50. Suppose 0 = 5*z + 5*q - x, z + 4*q - 13 + 2 = 0. Suppose -2*w - k + 43 + 16 = 0, -90 = -z*w - k. Is w a multiple of 17?
False
Does 17 divide (-3)/(-12) + 1421/28?
True
Let z(c) = 11*c - 4. Let q = -14 - -18. Is z(q) a multiple of 15?
False
Let p(m) = 6*m**3 - m**2 - 5*m + 2. Does 28 divide p(3)?
True
Let y(b) = -b**3 - 3*b**2 + 7*b + 2. Does 6 divide y(-5)?
False
Let n(i) be the second derivative of i**4/12 + 4*i**3/3 + 2*i**2 + 2*i. Is n(-8) a multiple of 4?
True
Suppose -2*r + 238 = -3*x, -5*r - 199 + 756 = 2*x. Is r a multiple of 19?
False
Suppose 3*m = 9 + 3. Suppose 84 = m*q - 2*x, 4*x = q + q - 36. Does 10 divide q?
False
Suppose -57 = -21*z + 2*z. Is z a multiple of 3?
True
Let s = 92 + -50. Is s a multiple of 42?
True
Let v = 28 + -44. Let y be v*(-2)/((-4)/(-19)). Suppose -2*u + 6*u = y. Is 19 a factor of u?
True
Suppose l = 2*l - 46. Suppose -30 - l = -2*r. Is r a multiple of 10?
False
Let z = -80 + 118. Suppose c - z + 15 = 0. Does 11 divide c?
False
Let z be ((-3)/3)/((-1)/2). Suppose 0 = 4*k - z*v - 88 - 28, 4*v = -16. Does 9 divide k?
True
Suppose -4*c = 16, 5*c + 0*c = -s + 33. Suppose 0 = 3*f - 2*f + 4*h - 49, 2*f - h = s. Does 10 divide ((0 - 2) + f)/1?
False
Let c be (1/2)/((-5)/10). Does 4 divide (-4*2 + 0)*c?
True
Suppose 17 = 4*a - 5*j - 64, -4*a - j = -75. Is 5 a factor of a?
False
Let i(p) = 5*p**3 - 12*p**2 - 17*p - 7. Let t(k) = 4*k**3 - 11*k**2 - 16*k - 6. Let b(f) = 3*i(f) - 4*t(f). Does 14 divide b(9)?
False
Let n(v) = v**3 - 5*v**2 - 8*v - 1. Is 27 a factor of n(7)?
False
Suppose 3*c - 287 + 113 = 0. Is c a multiple of 13?
False
Suppose 1175 = 4*m - 357. Suppose 2*x = 7*x - i - m, -2*i = -3*x + 234. Is 19 a factor of x*(0 + (-1)/(-2))?
True
Let k(w) = w + 7. Let d be k(-4). Suppose -2*f + d*h + 11 = 0, 0 = -2*f + f - 4*h - 11. Does 21 divide 2 + (f - 3) - -21?
True
Let n(o) = -o**2 - 7*o + 2. Does 4 divide n(-5)?
True
Let b(c) = 5 + 0 + 6*c - c**2 + 4. Let a be b(7). Is 13 a factor of a*1 - (-88)/8?
True
Let p be (-7)/9 - (-4)/(-18). Is 13 a factor of 1/p + 26 + -2?
False
Let b = 13 - 9. Does 4 divide (-3 + 75/12)*b?
False
Let g be ((-30)/(-25))/(9/60). Does 11 divide 174/g + (-7)/(-28)?
True
Suppose -3*j - 20 = -7*j. Suppose -41 + 173 = 5*k + 4*f, -j*f + 39 = k. Is k a multiple of 12?
True
Let r(o) = o**2 + 38. Is 16 a factor of r(0)?
False
Let n = 3 - -42. Does 9 divide n?
True
Suppose -192 = -4*i - 52. Is 11 a factor of i?
False
Let i(w) = -27*w - 3. Is 3 a factor of i(-1)?
True
Is 141 + -1 + (-2 - -6) a multiple of 24?
True
Suppose -6*t = -4*t. Is 25 + (-2 + t)/(-1) a multiple of 6?
False
Let v(l) = -l**2 - 11*l + 9. Let t be v(-8). Let p = -1 + t. Is 16 a factor of p?
True
Suppose -3 = -3*n - 9. Is n/7 - 149/(-7) a multiple of 21?
True
Let f be (-13)/2*(0 + 2). Suppose 3*n - 185 = -2*n. Let x = f + n. Is 10 a factor of x?
False
Suppose 0 = -7*t + 12*t + 2535. Does 5 divide t/(-91) + (-6)/(-14)?
False
Suppose 3*x + 7 + 29 = 4*q, -3*x + 24 = q. Does 6 divide q?
True
Let a = -87 - -137. Is 16 a factor of a?
False
Let l = 191 - 122. Suppose 3*o + 4*h - l = 0, -5*h + 72 = 4*o - o. Suppose -o = -3*p + 5. Is p a multiple of 6?
False
Let b(w) = 2*w**3 + 2*w**2 + 3*w - 4. Does 13 divide b(3)?
False
Let x be 18/3*(-2)/4. Let v be 6/x*16 - 0. Let l = v + 58. Is l a multiple of 11?
False
Let a(y) = -y + 2. Let n be a(3). Does 10 divide (-2 - 57 - n)/(-2)?
False
Suppose 238 = -2*y + 6*y + 3*o, -y + 5*o + 71 = 0. Is 17 a factor of y?
False
Suppose -3*k - 85 = -2*p, 3*p = 3*k + 17 + 118. Is 10 a factor of p?
True
Let z = 1 + 1. Suppose -f + 16 = -2*v + 3*v, -4*f + 88 = -z*v. Does 20 divide f?
True
Let v(b) = b**3 - 3*b**2 - 4*b + 4. Let d be v(4). Let c = 19 + d. Let n = c - -10. Is 9 a factor of n?
False
Suppose 0 = -0*i - 4*i. Suppose 5*q - 25 - 40 = i. Is 13 a factor of q?
True
Suppose 4*x - 3*j + 4*j = 183, -x + 42 = 4*j. Is 23 a factor of x?
True
Let l = -15 + 15. Suppose -y = -3*x + 225, 2*x + 3*y - 161 = -l*x. Is 19 a factor of x?
True
Let i(s) = -6*s**3 - 2*s**2 - 3*s + 1. Let y(d) = -5*d**3 - d**2 - 2*d + 2. Let j(w) = 4*i(w) - 5*y(w). Suppose 5*h - 20 = h. Does 17 divide j(h)?
True
Let g(r) = 5*r - 1. Let y be g(3). Suppose 0 = -2*q + 82 + y. Is 16 a factor of q?
True
Suppose 0*j - 408 = -2*j - q, 3*j - 5*q - 612 = 0. Is j a multiple of 28?
False
Suppose -2*t = -0*t - 32. Let r = -64 + t. Let y = 87 + r. Is 17 a factor of y?
False
Let u = 26 - 7. Is 6 a factor of u?
False
Let n(p) = 196*p + 9. Is 14 a factor of n(1)?
False
Let f = 0 + 3. Suppose 2*h + 2 = 5*b - 11, b + 13 = f*h. Suppose -h*o + 64 = -2*o. Is o a multiple of 8?
True
Suppose 2*y - 5*z - 124 = 0, 2*y + 0*z + z - 148 = 0. Does 18 divide y?
True
Let q = -4 - -3. Let s(f) = -f + 1. Let i be s(q). Suppose -i*y - 104 = -4*y. Is y a multiple of 14?
False
Let q = 239 - 170. Is q a multiple of 10?
False
Let f(s) = 6*s + 1. Is f(3) a multiple of 4?
False
Let t(q) = -3*q - 4. Let l be t(-3). Suppose -4*h + o + 108 = 4*o, 0 = -5*h - l*o + 140. Is h a multiple of 24?
True
Let w(u) = 2*u + 1. Let x be w(1). Suppose -3*g = -5*n - 11 - 11, 6 = -x*n. Does 4 divide g?
True
Is (-20 - -17) + 8*7 a multiple of 8?
False
Let o = -7 - -4. Let g = 9 + -3. Let q = g + o. Is 3 a factor of q?
True
Let d(s) = -3*s**3 + 5*s**2 - 11. Is 46 a factor of d(-4)?
False
Does 22 divide 24/12 - (-56 - (-2 + 1))?
False
Let o be (-2 - (-12)/8)*0. Suppose o = -2*x + 250 - 102. Is 18 a factor of x?
False
Let g = 11 + -13. Does 2 divide (-112)/8*g/4?
False
Let i(n) = -n**2 + 7*n + 1. Let k be i(5). Suppose 7*r - k*r = -192. Does 23 divide r?
False
Suppose 5*t = -4*z - 0*z + 7, -t - 5 = 4*z. Let a = t + 40. Is 14 a factor of a?
False
Let w(k) = k**3 - 9*k**2 + 3. Let b be w(9). Suppose o - 8 = -b. Suppose o*n - 39 - 56 = 2*p, -3*n + 2*p + 57 = 0. Does 7 divide n?
False
Suppose -5*t + 433 = -5*f - 67, -f + 482 = 5*t. Is 32 a factor of t?
False
Let j be 1*2*5/10. Suppose 2*q - 93 - j = 0. Let m = -20 + q. Does 11 divide m?
False
Suppose 5*v - 5 = 5*q, v + 0*v - 1 = 5*q. Suppose 6 = -3*l, 4*l - v = -j - 3. Is j even?
True
Let l be (-2)/((-2)/(-3))*-1. Suppose -5*g + 2*g = -l*c - 96, -5*g + 125 = 2*c. Is g a multiple of 9?
True
Suppose 0*g = g - 41. Is g a multiple of 12?
False
Let v(w) = w**3 - 9*w**2 + 10*w - 2. Suppose -5*h - 2 - 17 = 3*k, 0 = -2*k - 4*h - 14. Let m = 5 - k. Does 14 divide v(m)?
True
Let s = 47 + -24. Does 4 divide s?
False
Suppose 29 + 46 = 3*b. Let t = b + -7. Is 9 a factor of t?
True
Let g = -105 - -178. Let c = g - 52. Is 11 a factor of c?
False
Let p = 0 + 1. Suppose 3*m - 48 = w, m - 15 = -5*w + p. Is (-3)/2*m/(-6) a multiple of 2?
True
Let y = -9 + 9. Suppose y = -4*z + 11 + 37. Does 3 divide z?
True
Suppose 0 = -2*b + 4*h - 20, 4*h - 9 - 15 = 4*b. Does 17 divide 11 + (-6)/b + 3?
True
Let c = 9 - 3. Suppose d + 3*a = 3, -c = -2*d - 3*a + 4*a. Is d a multiple of 2?
False
Let t be 62 + -1 + 1 + -2. Suppose -2*y + 87 + 1 = 4*h, -y + 2*h + t = 0. Does 13 divide y?
True
Let n be 4 + -2 + 2 + 0. Suppose 3*l = n*t + 70, 0*l + 3*l + t - 50 = 0. Does 18 divide l?
True
Suppose 0 = -5*c - 0*c + 105. Let t be 1/(-7) - (-297)/c. Suppose 6*s = 8*s - t. Is s a multiple of 6?
False
Suppose 3*j - 10 = -2*w, -6 = -5*w + 2*j - 0. Suppose 0 = 5*m + 5*p - 135, p = w*p - 4. Suppose -49 = -3*b + m. Does 12 divide b?
True
Suppose 5*h - 19 - 1 = 0. Suppose h*i - i - 27 = 0. Is 5 a factor of i?
False
Let n(f) = -f. Let k(g) = 10*g - 17. Let a(u) = k(u) + 2*n(u). Is a(7) a multiple of 11?
False
Suppose 0*k + 7*k = 350. Is 13 a factor of k?
False
Let f be 1 + -3 + 16/2. Does 2 divide -7*3/f*-2?
False
Let b(o) = -o**3 - 9*o**2 - 6*o - 23. Does 61 divide b(-11)?
False
Let d = -92 - -107. Does 13 divide d?
False
Let y = -95 - -155. Let d = y - 32. Does 12 divide d?
False
Let c(x) = -4*x - 1. Let l = 1 - 2. Let m be c(l). Suppose 0 = m*s + 2*s - 170. Does 17 divide s?
True
Suppose 0 = 2*l - 202 - 28. Suppose 5*o + 10 = l. Is 5 a factor of o?
False
Suppose 8 = 2*w + 2*g, 2*w + 3*w = 4*g + 56. Let d(c) = -4*c - 3*c + 11*c - 2. Is 10 a factor of d(w)?
True
Let f(s) = 4*s + 1. Let c be 3 + (-2 - (-5 - -2)). Is 1